9*z + 39371 = 153905. What is the thousands digit of z?
2
Suppose 128*x - 1977568 - 1697423 = -212463. What is the tens digit of x?
5
Let u(z) = 126*z**2 - 7*z - 38. What is the ten thousands digit of u(17)?
3
Let l = -138 - -183. Suppose -7*j = 2*j - l. What is the units digit of j?
5
Let h(l) = -6*l - 111. Let m be h(-29). Suppose -m = 78*f - 79*f. What is the tens digit of f?
6
Let x = -8956 - -8972. Let v = 83 + -27. What is the hundreds digit of (-21)/v - (-4230)/x?
2
Let t = 1700 + 1750. What is the units digit of t?
0
Suppose 182*x - 186*x - 3*f = -74906, -3*f = -2*x + 37480. What is the tens digit of x?
3
Let f(q) = -q**3 + 18*q**2 + 18*q + 28. Let p be f(19). Suppose -p = k + 9. What is the tens digit of ((-85)/15 - -3)*k?
4
Let a = -328 - -336. Suppose 0 = -a*d + 511 + 89. What is the tens digit of d?
7
Suppose 0 = -5*g - q + 119411, 4*g = -3*q + 100508 - 4977. What is the tens digit of g?
8
Let v(p) = -p**2 + 4*p + 10. Let z be v(7). Let j = 11 + z. Suppose j = -5*d + s + 518, -3*d + 420 = d + 2*s. What is the hundreds digit of d?
1
Let n(b) = 36*b**3 + 10*b**2 + 5*b - 108. What is the hundreds digit of n(9)?
9
Suppose -2*w + 7*w = 60. Let v be (-2)/(-8) - (646/(-8) - 2). Let l = v - w. What is the units digit of l?
1
Let n(t) = 4*t**2 + t + 5. Let p = -98 + 45. Let o = -56 - p. What is the tens digit of n(o)?
3
Suppose 508176 = -1059*b + 1107*b. What is the ten thousands digit of b?
1
Let u(y) = -28*y**3 + 2*y**2 + 10*y + 11. Let s be u(-3). Let h(v) = -755 + s - 32*v. What is the tens digit of h(-2)?
6
Suppose -7*i = -5*i - 32. Suppose -13*w = -i*w + 1092. What is the tens digit of w?
6
Suppose 67*y = 91561 + 179789. What is the hundreds digit of y?
0
Let g be 10 + 190/(-20) - (-18)/(-4). What is the tens digit of (-10 - -11)/(g/3428*-1)?
5
Let z = 47 + 77. Let q(b) = b + 2*b - z + 173. What is the tens digit of q(-12)?
1
Suppose -2*y + 0 = 5*k - 36, -2*y + 2*k = -8. Suppose -y*t - 93 = -7621. What is the tens digit of t?
4
Suppose 498*c - 331*c = 8296226. What is the thousands digit of c?
9
Suppose -15 = -6*i + 9. Suppose 5 = -m, -i*h = -m + 2*m + 277. What is the units digit of (h/3)/((-12)/36)?
8
Suppose -6*j + 439079 = -44963 + 35422. What is the hundreds digit of j?
7
Let m(a) = a**2 + 4*a + 6. Let n be m(-6). Suppose 4*s - 2*i + n = 46, -4*s + 5*i + 22 = 0. Suppose 0 = s*l - 634 - 46. What is the units digit of l?
5
Let n = -128 + 61. Let i(q) = q**3 + 64*q**2 + 6*q + 484. Let y be i(-64). Let u = y + n. What is the tens digit of u?
3
Let t = -242 + 8461. What is the hundreds digit of t?
2
Suppose 3*b + 63366 + 192186 = 15*b. What is the units digit of b?
6
Let t = -1 - -255. Suppose 5*l - 444 - 208 = -4*n, t = 2*l + 5*n. What is the units digit of l?
2
Let g(s) = s**3 + 4*s**2 - 6*s + 3. Let m be (-2)/9 + (-645)/135. Let p be g(m). Suppose p*c = 4*c + 32. What is the units digit of c?
8
Suppose -1279*l + 1285*l = 6150. What is the thousands digit of l?
1
Let i(c) be the first derivative of -c**4/4 + 28*c**3/3 - 77*c**2/2 + 19*c + 210. What is the units digit of i(22)?
9
Suppose -3*x + x = -462. Suppose 140*y = 137*y + 9. Suppose y*a - 3*b = x, 3*b + 2*b + 221 = 3*a. What is the units digit of a?
2
Let i(g) = -g**3 - 8*g**2 + 2*g + 5. Let r be i(-9). Let f(h) = -h**2 - 18*h - 43. Let q be f(-15). Suppose -q - r = -10*w. What is the units digit of w?
7
Let r(u) = -29*u + 18*u + 19*u. Let h(p) = p + 1. Let f(y) = 18*h(y) - 2*r(y). What is the units digit of f(7)?
2
Suppose 0 = -2*j - 0*g - 5*g + 275, j + 5*g = 150. Suppose 4*d - j = 5*w + 39, -4*d = -2*w - 164. What is the units digit of d?
1
Suppose x = -1 - 1. Let f be 26 + -20 - (-1 + x). What is the units digit of (-2)/f + 100/45 + -1?
1
Suppose 0 = -3*h - 15 + 6. Let n be (4/h)/(6/576). What is the tens digit of 3/1 + n/(-4)?
3
Let q be (2 - (-9 - (-4)/4))/(-2). Let f be (111 - 0)*-1*(-2 - q). Let y = -144 - f. What is the hundreds digit of y?
1
Let h = -31 + 45. Suppose m + g + h = 3*m, -5*m + 45 = -5*g. Suppose -15 = m*f, -11*f + 363 = 3*v - 7*f. What is the tens digit of v?
2
Suppose -11*g - 2385 = -8600. Let a = g + -529. What is the units digit of a?
6
Let x = -86 - -86. Suppose 5*z - 3*w - 1545 - 424 = x, 0 = 3*w + 9. Let y = z - 133. What is the hundreds digit of y?
2
Let d = -222 + 227. What is the hundreds digit of (12/d)/(1197/(-200) - -6)?
1
What is the hundreds digit of 3/(-7) + 2943525/91 + -7?
3
Let v(h) = 194*h**2 - 5*h - 3. Let d = 111 + -112. What is the hundreds digit of v(d)?
1
Suppose 7*d - 323 + 1 = 0. Let s = d + -44. Suppose -o + s*o + 289 = 4*b, 141 = 2*b + 3*o. What is the units digit of b?
2
Let l be 351/63 + (-1)/(7/(-3)). Suppose m - 1295 = -l*m. What is the hundreds digit of m?
1
Suppose 0 = -5*g, -3*g + 18 = 3*d - 159. Suppose 5*t - v + 5*v = d, 5*t = 3*v + 87. What is the tens digit of 69 - (-4)/((-20)/t)?
6
Let a(t) be the second derivative of t**4/12 + 10*t**3/3 - 37*t**2/2 - 17*t. What is the hundreds digit of a(-32)?
3
Suppose 12*o - 13*o = 5. Let g(x) = 7*x**2 - 10*x - 16. Let k be g(o). Let w = k - 108. What is the tens digit of w?
0
Suppose 0 = -1322*s + 1346*s - 272376. What is the hundreds digit of s?
3
Let g(c) be the third derivative of c**6/120 - c**5/5 - c**4/4 - c**3 + c**2. Suppose 23*z - 14*z = 117. What is the units digit of g(z)?
5
Let h = 96296 - 65232. What is the thousands digit of h?
1
Let k = -152 - -43. Let i(j) = 7*j**2 + 33*j + 16. Let x be i(-9). Let b = x + k. What is the hundreds digit of b?
1
Suppose -20*j + 170279 = -481021. What is the thousands digit of j?
2
Let a(v) = 2*v**2 - 66*v - 17. Let o be a(-13). Let k = o + -719. What is the units digit of k?
0
Let o(g) = -938*g + 2908. What is the ten thousands digit of o(-29)?
3
Suppose -7*r + 3*r = -146816. What is the units digit of 16/72 - (r/18)/(-4)?
0
Let t = 396 + -559. Let x be t*(-34)/12 - (-1)/6. Suppose -3*v + x = -12. What is the hundreds digit of v?
1
Let o(w) = 10*w + 26*w**2 + 73 - 215 + 91. What is the tens digit of o(-7)?
5
Suppose 3*c + 15 - 23 = -5*p, 2*c + 2*p - 8 = 0. What is the units digit of (3 - -1776)/3 - c?
7
Suppose -102 = 55*d - 49*d. Let y(t) = 4*t**2 + 29*t - 190. What is the hundreds digit of y(d)?
4
Suppose -443417 = -2419*s + 2406*s. What is the tens digit of s?
0
Let j be (11*-1)/((-14)/(-56))*1. What is the units digit of (8 - 14 - -4)/(2/j)?
4
What is the units digit of 28 + ((-234)/(-26) - -83797)?
4
Let s(c) = 234*c**2 + 35*c - 218. What is the thousands digit of s(6)?
8
Suppose -49*v - 17101 = -2*g - 48*v, -25624 = -3*g - 4*v. What is the units digit of g?
8
Suppose 68*o - 69*o - 56767 = -4*r, r - 5*o = 14168. What is the units digit of r?
3
Let d(w) = w**3 - 9*w**2 + 5*w + 26. Let b be d(8). Suppose -b*h - 48 = -2*c, 4*c = 6*h - h + 99. What is the units digit of c?
1
Let f(z) = 2*z**3 - 21*z**2 - 36*z + 510. What is the units digit of f(14)?
8
Suppose 3*k - 11 = 5*k - 5*u, -2*k - 4*u = -16. What is the tens digit of (-36)/54*(-1131)/k?
7
Let x(h) = h**3 + 11*h**2 - 8*h - 3. Let p be x(-12). Let u = 48 + p. What is the units digit of (-103 + u)/(2 - (1 - -2))?
6
Let u be (2/4)/(2/4). What is the tens digit of 0 - u - (-6627)/47?
4
Let n(a) be the third derivative of -a**6/20 - 7*a**5/30 - 13*a**4/24 + 11*a**3/2 - 95*a**2 - 3*a. What is the tens digit of n(-6)?
0
Let h = -30791 + 51925. What is the ten thousands digit of h?
2
Let h be 84/(-3)*(1 + (5 - 7)). Let q(w) be the second derivative of -w**4/12 + 5*w**3 - 35*w**2/2 - 14*w. What is the units digit of q(h)?
1
Let a be 1*((1 - 1) + (-6 - 1)). Let w be 7/a*(0/(-2))/(-2). Suppose -b + 22 + 15 = w. What is the units digit of b?
7
Let b(n) be the first derivative of -18*n**2 + 3*n + 18. Let a(f) = 35*f - 2. Let i(j) = 5*a(j) + 4*b(j). What is the units digit of i(2)?
4
Let b = 68 - 68. Suppose b = -4*d - 117 - 495. Let y = d - -348. What is the hundreds digit of y?
1
Let v be 12*((-5 - 0) + 2). Let q be 8/v - (-13960)/45. Suppose 2*p - q = -p + 4*z, 3*p - 322 = -2*z. What is the hundreds digit of p?
1
Let p be ((-2)/8 + 1/4)/3. Suppose 0 = 2*v - v - 5*f - 563, p = -3*v - 5*f + 1709. What is the tens digit of v?
6
Let a be (1 - 16/14) + (-210588)/(-588). Suppose 0 = -10*s + 11*s - z - a, -4*s - 3*z = -1397. What is the units digit of s?
3
Suppose -6*c + 9*c + 6 = 0. Let